MONTHLY CLIMATOLOGICAL SUMMARY for feb 2024 NAME: Malga Campo ELEV: 1460 meters LAT: 46-05.49 N LONG: 012-30.18 E TEMPERATURE (°C), RAIN (mm), WIND SPEED (km/h) HEAT COOL AVG MEAN DEG DEG WIND DOM DAY TEMP HIGH TIME LOW TIME DAYS DAYS RAIN SPEED HIGH TIME DIR --------------------------------------------------------------------------------------- 01 4,4 6,1 11:27 1,7 04:39 13,9 0,0 0,4 8,9 38,6 13:03 156 02 3,7 8,4 23:33 1,6 17:19 14,7 0,0 0,0 6,2 43,5 22:57 154 03 10,4 14,3 15:12 6,9 01:45 7,9 0,0 0,0 11,3 46,7 00:02 158 04 10,4 12,7 14:22 6,9 05:51 8,0 0,0 0,0 8,3 30,6 07:44 168 05 9,6 14,4 12:52 0,2 23:45 8,7 0,0 0,0 7,1 27,4 03:44 174 06 0,4 2,3 10:01 -1,0 07:22 18,0 0,0 0,2 2,2 14,5 05:00 159 07 -0,3 0,9 13:44 -1,3 05:39 18,7 0,0 0,0 4,0 22,5 22:55 125 08 0,3 2,1 23:59 -1,1 07:21 18,0 0,0 0,0 3,0 24,1 19:42 338 09 2,5 3,1 13:16 1,7 20:55 15,8 0,0 38,4 11,1 43,5 05:51 41 10 2,4 3,5 15:58 1,1 22:39 16,0 0,0 35,4 8,6 40,2 12:40 329 11 2,0 3,3 11:33 1,1 08:11 16,4 0,0 8,4 6,6 29,0 20:06 149 12 0,3 2,3 15:42 -0,5 21:11 18,0 0,0 1,8 7,9 40,2 02:34 132 13 1,8 4,8 11:01 -0,4 01:28 16,5 0,0 0,0 6,4 22,5 13:20 157 14 3,2 7,6 23:03 0,0 00:00 15,1 0,0 0,0 4,7 19,3 22:52 160 15 6,5 8,7 15:02 4,6 21:26 11,8 0,0 0,0 5,5 20,9 03:19 157 16 5,7 8,3 15:19 3,9 04:16 12,6 0,0 0,0 3,5 14,5 03:40 148 17 7,8 11,5 12:54 4,3 05:45 10,6 0,0 0,0 4,7 22,5 10:40 146 18 4,2 7,1 00:08 2,4 20:07 14,1 0,0 0,0 1,7 11,3 10:59 70 19 4,3 7,4 11:10 2,4 00:12 14,0 0,0 0,2 6,4 29,0 19:48 142 20 3,1 5,4 11:54 0,9 23:58 15,2 0,0 0,0 4,6 27,4 11:06 166 21 1,8 4,6 14:17 -0,2 05:47 16,5 0,0 0,0 4,4 22,5 20:55 72 22 0,8 1,7 08:51 0,1 23:30 17,5 0,0 1,8 9,4 37,0 17:30 18 23 0,6 2,0 13:58 -0,6 23:56 17,7 0,0 6,6 9,7 64,4 07:03 341 24 -0,5 0,9 11:08 -2,4 06:12 18,9 0,0 1,0 5,2 25,7 13:47 358 25 -0,6 0,6 15:39 -1,5 00:00 18,9 0,0 0,4 3,2 30,6 15:16 164 26 -0,3 1,5 13:39 -1,3 17:42 18,6 0,0 1,2 5,4 37,0 03:26 199 27 1,7 3,4 22:15 -0,3 00:59 16,7 0,0 45,4 12,2 46,7 23:27 313 28 3,6 4,9 15:46 2,0 06:32 14,7 0,0 29,8 6,5 37,0 00:59 232 29 5,1 6,6 11:06 3,9 00:00 13,3 0,0 0,6 7,3 33,8 15:33 225 --------------------------------------------------------------------------------------- 3,3 14,4 05 -2,4 24 436,7 0,0 171,6 6,4 64,4 23 141 Updated: 01/03/2024 00:00:00