MONTHLY CLIMATOLOGICAL SUMMARY for lug 2023 NAME: Malga Campo ELEV: 1460 meters LAT: 46-05.49 N LONG: 012-30.18 E TEMPERATURE (°C), RAIN (mm), WIND SPEED (km/h) HEAT COOL AVG MEAN DEG DEG WIND DOM DAY TEMP HIGH TIME LOW TIME DAYS DAYS RAIN SPEED HIGH TIME DIR --------------------------------------------------------------------------------------- 01 12,2 13,7 14:14 11,1 06:49 6,1 0,0 21,8 3,0 27,4 08:00 134 02 13,9 16,2 13:08 10,8 01:48 4,4 0,0 0,0 1,5 14,5 10:36 313 03 13,7 15,1 17:36 9,6 22:48 4,7 0,0 33,6 2,8 48,3 22:40 134 04 14,8 17,7 17:55 10,6 03:38 3,6 0,0 5,6 5,4 53,1 01:54 329 05 13,8 16,4 11:32 9,9 02:33 4,5 0,0 10,0 6,7 56,3 02:51 151 06 13,3 15,7 15:27 11,3 21:22 5,1 0,0 3,0 5,4 30,6 03:43 126 07 13,9 17,1 18:03 10,7 04:20 4,4 0,0 0,0 3,8 17,7 11:00 268 08 15,5 18,1 17:02 11,9 05:26 2,8 0,0 0,0 3,1 19,3 06:20 317 09 18,9 22,6 08:25 14,8 00:00 0,0 0,6 0,0 2,5 12,9 04:59 276 10 19,7 22,8 16:25 15,8 00:46 0,0 1,4 0,0 3,2 17,7 18:00 139 11 19,0 21,3 12:08 17,3 00:43 0,0 0,6 0,0 3,1 24,1 04:51 28 12 17,6 21,3 18:13 12,2 11:06 0,7 0,0 60,4 8,7 80,5 04:14 160 13 15,5 19,7 13:56 10,8 01:43 2,8 0,0 40,2 5,9 67,6 01:31 170 14 16,0 19,0 15:43 13,2 06:39 2,3 0,0 0,0 2,8 20,9 12:36 331 15 16,9 19,7 13:26 13,1 00:23 1,5 0,0 0,0 3,2 25,7 23:45 299 16 18,9 21,6 10:28 17,1 02:49 0,0 0,6 0,0 5,6 29,0 05:33 197 17 19,5 21,9 15:43 17,5 03:58 0,0 1,1 0,0 2,4 22,5 09:02 320 18 19,0 21,5 13:18 16,6 05:25 0,0 0,6 1,6 5,5 48,3 18:28 161 19 18,6 21,6 14:04 14,0 22:57 0,0 0,3 7,6 5,7 45,1 23:41 155 20 18,2 20,6 16:59 15,2 01:38 0,2 0,0 0,0 3,5 25,7 12:40 315 21 15,3 18,9 17:46 11,1 14:23 3,0 0,0 23,0 4,3 62,8 14:20 156 22 15,0 17,2 17:25 12,8 01:33 3,3 0,0 0,0 5,7 29,0 07:18 330 23 15,2 17,4 13:41 12,1 05:48 3,1 0,0 0,0 4,3 22,5 21:47 306 24 15,6 18,4 09:26 11,9 20:40 2,7 0,0 23,2 5,4 74,0 20:34 156 25 14,5 18,1 00:32 11,1 23:31 3,8 0,0 27,6 6,7 49,9 06:53 160 26 11,4 14,3 10:51 7,2 23:09 7,0 0,0 3,2 4,8 29,0 01:43 193 27 10,7 12,4 11:14 7,3 00:25 7,7 0,0 0,0 5,8 27,4 22:56 153 28 12,7 14,2 23:52 10,6 04:49 5,7 0,0 0,0 5,2 29,0 06:34 344 29 15,0 17,1 12:48 12,4 06:26 3,3 0,0 0,0 2,7 27,4 04:26 340 30 15,3 18,1 18:05 11,7 06:14 3,1 0,0 15,6 5,3 62,8 03:46 121 31 15,3 17,9 14:14 13,7 06:01 3,0 0,0 0,0 2,5 22,5 13:36 328 --------------------------------------------------------------------------------------- 15,6 22,8 10 7,2 26 88,7 5,2 276,4 4,4 80,5 12 165 Updated: 01/08/2023 00:00:00