MONTHLY CLIMATOLOGICAL SUMMARY for giu 2023 NAME: Malga Campo ELEV: 1460 meters LAT: 46-05.49 N LONG: 012-30.18 E TEMPERATURE (°C), RAIN (mm), WIND SPEED (km/h) HEAT COOL AVG MEAN DEG DEG WIND DOM DAY TEMP HIGH TIME LOW TIME DAYS DAYS RAIN SPEED HIGH TIME DIR --------------------------------------------------------------------------------------- 01 12,7 16,1 16:20 10,0 00:53 5,7 0,0 0,0 5,1 29,0 12:16 325 02 13,2 16,8 15:18 10,2 22:30 5,1 0,0 1,8 6,3 51,5 19:31 116 03 11,6 13,6 12:18 8,6 20:39 6,7 0,0 24,4 3,0 32,2 20:19 336 04 10,4 12,6 14:23 8,6 22:47 8,0 0,0 27,8 0,9 24,1 22:25 305 05 9,7 12,6 15:30 8,2 05:29 8,6 0,0 13,6 6,7 32,2 11:52 129 06 10,5 13,4 18:39 9,2 02:07 7,8 0,0 11,6 2,7 27,4 15:49 146 07 11,7 14,7 17:35 8,8 05:18 6,6 0,0 9,0 2,0 19,3 12:58 318 08 11,5 15,0 13:43 8,7 22:57 6,8 0,0 15,8 6,7 30,6 18:46 144 09 11,7 15,0 08:50 8,4 04:50 6,6 0,0 6,2 5,6 30,6 19:04 151 10 12,3 16,4 14:07 9,9 17:54 6,0 0,0 4,0 6,2 46,7 17:12 139 11 13,1 15,9 15:17 10,9 00:58 5,3 0,0 6,6 2,9 20,9 10:39 0 12 12,5 15,1 15:29 10,2 23:56 5,9 0,0 6,6 3,3 20,9 23:18 338 13 10,1 12,8 13:45 8,4 03:43 8,2 0,0 12,0 3,2 20,9 00:53 325 14 10,7 13,9 15:41 8,4 03:59 7,6 0,0 13,0 3,4 29,0 21:41 320 15 11,7 14,5 13:03 9,6 23:20 6,6 0,0 1,6 5,5 30,6 01:33 123 16 12,0 14,8 11:16 8,8 02:30 6,3 0,0 4,0 3,7 20,9 06:25 156 17 13,2 15,5 12:53 9,4 01:45 5,1 0,0 0,0 5,8 30,6 06:12 149 18 14,1 16,4 09:31 10,6 03:45 4,2 0,0 0,0 4,5 25,7 10:11 313 19 15,8 18,3 09:38 12,9 02:18 2,5 0,0 0,0 4,1 20,9 05:35 241 20 16,6 19,7 10:02 13,8 01:23 1,7 0,0 0,0 5,8 27,4 22:23 159 21 18,8 21,6 07:16 17,1 00:00 0,0 0,5 0,0 5,5 30,6 02:08 156 22 19,1 22,4 07:35 16,3 05:13 0,0 0,7 0,0 1,2 12,9 06:59 312 23 17,2 20,8 07:53 14,3 14:21 1,2 0,0 2,6 8,6 48,3 12:47 131 24 15,5 18,5 17:38 12,9 04:58 2,9 0,0 0,0 5,9 32,2 00:40 131 25 15,3 18,7 18:48 11,8 04:51 3,0 0,0 0,0 4,3 24,1 20:05 346 26 16,9 20,2 18:21 12,8 05:00 1,4 0,0 0,0 5,1 25,7 06:14 126 27 15,9 19,1 10:05 12,8 23:51 2,4 0,0 8,0 3,1 29,0 10:16 292 28 12,2 13,8 13:21 10,7 10:37 6,2 0,0 0,6 1,2 25,7 00:44 6 29 12,7 15,2 17:30 9,8 01:26 5,7 0,0 0,0 5,5 29,0 20:43 126 30 13,0 16,0 11:05 11,1 21:50 5,3 0,0 1,6 3,3 17,7 01:32 324 --------------------------------------------------------------------------------------- 13,4 22,4 22 8,2 05 149,4 1,2 170,8 4,4 51,5 02 135 Updated: 01/07/2023 00:00:00