MONTHLY CLIMATOLOGICAL SUMMARY for nov 2021 NAME: Malga Campo ELEV: 1460 meters LAT: 46-05.49 N LONG: 012-30.18 E TEMPERATURE (°C), RAIN (mm), WIND SPEED (km/h) HEAT COOL AVG MEAN DEG DEG WIND DOM DAY TEMP HIGH TIME LOW TIME DAYS DAYS RAIN SPEED HIGH TIME DIR --------------------------------------------------------------------------------------- 01 02 03 04 05 06 07 08 09 10 11 12 13 14 15 16 17 18 19 20 21 3,2 7,4 11:34 -0,5 19:14 15,1 0,0 0,0 0,2 11,3 19:15 97 22 3,2 4,0 19:11 0,7 00:00 15,1 0,0 2,4 4,9 37,0 17:50 281 23 2,4 3,6 20:05 1,2 06:05 15,9 0,0 0,0 5,5 30,6 03:03 276 24 2,3 5,0 14:27 0,2 20:13 16,1 0,0 0,0 2,1 20,9 13:48 306 25 2,1 3,6 23:57 -0,3 06:54 16,3 0,0 2,2 0,9 22,5 09:45 318 26 1,8 3,7 00:54 0,1 22:25 16,5 0,0 14,2 2,2 19,3 03:16 276 27 -0,0 1,0 14:29 -1,0 21:40 18,4 0,0 1,8 1,4 24,1 01:36 198 28 -1,7 -0,1 10:47 -4,2 23:35 20,0 0,0 1,4 3,0 43,5 06:22 342 29 -4,2 -1,2 10:15 -7,4 21:22 22,5 0,0 4,0 7,8 38,6 23:51 281 30 -2,1 3,4 23:13 -7,1 02:18 20,4 0,0 0,0 14,1 46,7 00:40 309 --------------------------------------------------------------------------------------- 0,6 7,4 21 -7,4 29 176,3 0,0 26,0 4,4 46,7 30 293 Updated: 01/12/2021 00:00:00